 {"id":29992,"date":"2026-01-11T23:16:29","date_gmt":"2026-01-11T22:16:29","guid":{"rendered":"https:\/\/bookly.pxltest.hu\/product\/temp-bakacsi-gyula-szervezeti-magatartas-es-vezetes\/"},"modified":"2026-01-11T23:16:30","modified_gmt":"2026-01-11T22:16:30","slug":"29992-bakacsi-gyula-szervezeti-magatartas-es-vezetes","status":"publish","type":"product","link":"https:\/\/bookly.pxltest.hu\/en\/product\/29992-bakacsi-gyula-szervezeti-magatartas-es-vezetes\/","title":{"rendered":"Bakacsi Gyula &#8211; Szervezeti magatart\u00e1s \u00e9s vezet\u00e9s"},"content":{"rendered":"<p>Az ezredfordul\u00f3 vezet\u0151i gyakorlata arra a felismer\u00e9sre vezetett, hogy az emberi er\u0151forr\u00e1s a szervezeti siker egyik kritikus meghat\u00e1roz\u00f3 t\u00e9nyez\u0151j\u00e9v\u00e9 v\u00e1lt. A k\u00f6nyv ennek az er\u0151forr\u00e1snak a \u201etechnol\u00f3gi\u00e1j\u00e1t\u201d viszi k\u00f6zelebb az olvas\u00f3hoz. C\u00e9lja kett\u0151s: egyfel\u0151l le\u00edrni az egy\u00e9nek, csoportok, szervezetek magatart\u00e1s\u00e1nak, viselked\u00e9s\u00e9nek jellegzetess\u00e9geit, t\u00f6rv\u00e9nyszer\u0171s\u00e9geit, m\u00e1sfel\u0151l sz\u00e1mba venni azokat a lehets\u00e9ges eszk\u00f6z\u00f6ket, amelyekkel a vezet\u0151k mindezt befoly\u00e1solhatj\u00e1k a jobb szervezeti teljes\u00edtm\u00e9ny \u00e9rdek\u00e9ben. A k\u00f6nyv sorra veszi a szervezeti magatart\u00e1s t\u00e9mak\u00f6reit: az egy\u00e9ni \u00e9s csoportmagatart\u00e1st, a motiv\u00e1ci\u00f3t, a hatalmat, a leadershipet, a szervezeti kult\u00far\u00e1t, a konfliktusokat \u00e9s a szervezeti v\u00e1ltoz\u00e1st, bemutatva azok elm\u00e9leti alapjait \u00e9s gyakorlati vonatkoz\u00e1sait. A k\u00f6tetben hangs\u00falyt kap a t\u00e1rgyalt jelens\u00e9gek hazai viszonyokra val\u00f3 adapt\u00e1l\u00e1sa is.<\/p>\n<p>A k\u00f6nyvet haszonnal forgathatj\u00e1k gazd\u00e1lkod\u00f3, k\u00f6zigazgat\u00e1si, k\u00f6zszolg\u00e1lati \u00e9s szolg\u00e1ltat\u00f3 szervezetek fels\u0151- \u00e9s k\u00f6z\u00e9pvezet\u0151i, vezet\u0151 test\u00fcleteinek tagjai \u2013 mindenki, aki embereket vezet, ir\u00e1ny\u00edt. J\u00f3l illeszthet\u0151 a gazdas\u00e1gi szakir\u00e1ny\u00fa egyetemek \u00e9s f\u0151iskol\u00e1k k\u00f6telez\u0151 tananyag\u00e1ba, emellett sz\u00e1mos m\u00e1s szakma vezet\u0151k\u00e9pz\u00e9si \u00e9s tov\u00e1bbk\u00e9pz\u00e9si programjaiba is.<\/p>\n","protected":false},"excerpt":{"rendered":"<p>Az ezredfordul\u00f3 vezet\u0151i gyakorlata arra a felismer\u00e9sre vezetett, hogy az emberi er\u0151forr\u00e1s a szervezeti siker egyik kritikus meghat\u00e1roz\u00f3 t\u00e9nyez\u0151j\u00e9v\u00e9 v\u00e1lt.<\/p>\n","protected":false},"featured_media":29990,"template":"","meta":[],"product_brand":[],"product_cat":[102,72],"product_tag":[],"class_list":{"0":"post-29992","1":"product","2":"type-product","3":"status-publish","4":"has-post-thumbnail","6":"product_cat-egyetem-foiskola","7":"product_cat-tanulas-nyelv","9":"first","10":"instock","11":"shipping-taxable","12":"purchasable","13":"product-type-simple"},"yoast_head":"<!-- This site is optimized with the Yoast SEO plugin v26.9 - https:\/\/yoast.com\/product\/yoast-seo-wordpress\/ -->\n<title>Bakacsi Gyula - Szervezeti magatart\u00e1s \u00e9s vezet\u00e9s - Livrana<\/title>\n<meta name=\"robots\" content=\"noindex, follow, max-snippet:-1, max-image-preview:large, max-video-preview:-1\" \/>\n<meta property=\"og:locale\" content=\"en_US\" \/>\n<meta property=\"og:type\" content=\"article\" \/>\n<meta property=\"og:title\" content=\"Bakacsi Gyula - Szervezeti magatart\u00e1s \u00e9s vezet\u00e9s - Livrana\" \/>\n<meta property=\"og:description\" content=\"Az ezredfordul\u00f3 vezet\u0151i gyakorlata arra a felismer\u00e9sre vezetett, hogy az emberi er\u0151forr\u00e1s a szervezeti siker egyik kritikus meghat\u00e1roz\u00f3 t\u00e9nyez\u0151j\u00e9v\u00e9 v\u00e1lt.\" \/>\n<meta property=\"og:url\" content=\"https:\/\/bookly.pxltest.hu\/en\/product\/29992-bakacsi-gyula-szervezeti-magatartas-es-vezetes\/\" \/>\n<meta property=\"og:site_name\" content=\"Livrana\" \/>\n<meta property=\"article:modified_time\" content=\"2026-01-11T22:16:30+00:00\" \/>\n<meta name=\"twitter:card\" content=\"summary_large_image\" \/>\n<meta name=\"twitter:label1\" content=\"Est. reading time\" \/>\n\t<meta name=\"twitter:data1\" content=\"1 minute\" \/>\n<script type=\"application\/ld+json\" class=\"yoast-schema-graph\">{\"@context\":\"https:\/\/schema.org\",\"@graph\":[{\"@type\":[\"WebPage\",\"ItemPage\"],\"@id\":\"https:\/\/bookly.pxltest.hu\/en\/product\/29992-bakacsi-gyula-szervezeti-magatartas-es-vezetes\/\",\"url\":\"https:\/\/bookly.pxltest.hu\/en\/product\/29992-bakacsi-gyula-szervezeti-magatartas-es-vezetes\/\",\"name\":\"Bakacsi Gyula - Szervezeti magatart\u00e1s \u00e9s vezet\u00e9s - Livrana\",\"isPartOf\":{\"@id\":\"https:\/\/bookly.pxltest.hu\/en\/#website\"},\"primaryImageOfPage\":{\"@id\":\"https:\/\/bookly.pxltest.hu\/en\/product\/29992-bakacsi-gyula-szervezeti-magatartas-es-vezetes\/#primaryimage\"},\"image\":{\"@id\":\"https:\/\/bookly.pxltest.hu\/en\/product\/29992-bakacsi-gyula-szervezeti-magatartas-es-vezetes\/#primaryimage\"},\"thumbnailUrl\":\"https:\/\/bookly.pxltest.hu\/wp-content\/uploads\/2026\/01\/PXL_20251118_162727073-scaled.jpg\",\"datePublished\":\"2026-01-11T22:16:29+00:00\",\"dateModified\":\"2026-01-11T22:16:30+00:00\",\"breadcrumb\":{\"@id\":\"https:\/\/bookly.pxltest.hu\/en\/product\/29992-bakacsi-gyula-szervezeti-magatartas-es-vezetes\/#breadcrumb\"},\"inLanguage\":\"en-US\",\"potentialAction\":[{\"@type\":\"ReadAction\",\"target\":[\"https:\/\/bookly.pxltest.hu\/en\/product\/29992-bakacsi-gyula-szervezeti-magatartas-es-vezetes\/\"]}]},{\"@type\":\"ImageObject\",\"inLanguage\":\"en-US\",\"@id\":\"https:\/\/bookly.pxltest.hu\/en\/product\/29992-bakacsi-gyula-szervezeti-magatartas-es-vezetes\/#primaryimage\",\"url\":\"https:\/\/bookly.pxltest.hu\/wp-content\/uploads\/2026\/01\/PXL_20251118_162727073-scaled.jpg\",\"contentUrl\":\"https:\/\/bookly.pxltest.hu\/wp-content\/uploads\/2026\/01\/PXL_20251118_162727073-scaled.jpg\",\"width\":1928,\"height\":2560},{\"@type\":\"BreadcrumbList\",\"@id\":\"https:\/\/bookly.pxltest.hu\/en\/product\/29992-bakacsi-gyula-szervezeti-magatartas-es-vezetes\/#breadcrumb\",\"itemListElement\":[{\"@type\":\"ListItem\",\"position\":1,\"name\":\"Kezd\u0151lap\",\"item\":\"https:\/\/bookly.pxltest.hu\/en\/\"},{\"@type\":\"ListItem\",\"position\":2,\"name\":\"Shop\",\"item\":\"https:\/\/bookly.pxltest.hu\/en\/shop\/\"},{\"@type\":\"ListItem\",\"position\":3,\"name\":\"Bakacsi Gyula &#8211; Szervezeti magatart\u00e1s \u00e9s vezet\u00e9s\"}]},{\"@type\":\"WebSite\",\"@id\":\"https:\/\/bookly.pxltest.hu\/en\/#website\",\"url\":\"https:\/\/bookly.pxltest.hu\/en\/\",\"name\":\"Livrana\",\"description\":\"\",\"publisher\":{\"@id\":\"https:\/\/bookly.pxltest.hu\/en\/#organization\"},\"potentialAction\":[{\"@type\":\"SearchAction\",\"target\":{\"@type\":\"EntryPoint\",\"urlTemplate\":\"https:\/\/bookly.pxltest.hu\/en\/?s={search_term_string}\"},\"query-input\":{\"@type\":\"PropertyValueSpecification\",\"valueRequired\":true,\"valueName\":\"search_term_string\"}}],\"inLanguage\":\"en-US\"},{\"@type\":\"Organization\",\"@id\":\"https:\/\/bookly.pxltest.hu\/en\/#organization\",\"name\":\"Livrana\",\"url\":\"https:\/\/bookly.pxltest.hu\/en\/\",\"logo\":{\"@type\":\"ImageObject\",\"inLanguage\":\"en-US\",\"@id\":\"https:\/\/bookly.pxltest.hu\/en\/#\/schema\/logo\/image\/\",\"url\":\"https:\/\/bookly.pxltest.hu\/wp-content\/uploads\/2025\/09\/Livrana-2.svg\",\"contentUrl\":\"https:\/\/bookly.pxltest.hu\/wp-content\/uploads\/2025\/09\/Livrana-2.svg\",\"width\":375,\"height\":374,\"caption\":\"Livrana\"},\"image\":{\"@id\":\"https:\/\/bookly.pxltest.hu\/en\/#\/schema\/logo\/image\/\"}}]}<\/script>\n<!-- \/ Yoast SEO plugin. -->","yoast_head_json":{"title":"Bakacsi Gyula - Szervezeti magatart\u00e1s \u00e9s vezet\u00e9s - Livrana","robots":{"index":"noindex","follow":"follow","max-snippet":"max-snippet:-1","max-image-preview":"max-image-preview:large","max-video-preview":"max-video-preview:-1"},"og_locale":"en_US","og_type":"article","og_title":"Bakacsi Gyula - Szervezeti magatart\u00e1s \u00e9s vezet\u00e9s - Livrana","og_description":"Az ezredfordul\u00f3 vezet\u0151i gyakorlata arra a felismer\u00e9sre vezetett, hogy az emberi er\u0151forr\u00e1s a szervezeti siker egyik kritikus meghat\u00e1roz\u00f3 t\u00e9nyez\u0151j\u00e9v\u00e9 v\u00e1lt.","og_url":"https:\/\/bookly.pxltest.hu\/en\/product\/29992-bakacsi-gyula-szervezeti-magatartas-es-vezetes\/","og_site_name":"Livrana","article_modified_time":"2026-01-11T22:16:30+00:00","twitter_card":"summary_large_image","twitter_misc":{"Est. reading time":"1 minute"},"schema":{"@context":"https:\/\/schema.org","@graph":[{"@type":["WebPage","ItemPage"],"@id":"https:\/\/bookly.pxltest.hu\/en\/product\/29992-bakacsi-gyula-szervezeti-magatartas-es-vezetes\/","url":"https:\/\/bookly.pxltest.hu\/en\/product\/29992-bakacsi-gyula-szervezeti-magatartas-es-vezetes\/","name":"Bakacsi Gyula - Szervezeti magatart\u00e1s \u00e9s vezet\u00e9s - Livrana","isPartOf":{"@id":"https:\/\/bookly.pxltest.hu\/en\/#website"},"primaryImageOfPage":{"@id":"https:\/\/bookly.pxltest.hu\/en\/product\/29992-bakacsi-gyula-szervezeti-magatartas-es-vezetes\/#primaryimage"},"image":{"@id":"https:\/\/bookly.pxltest.hu\/en\/product\/29992-bakacsi-gyula-szervezeti-magatartas-es-vezetes\/#primaryimage"},"thumbnailUrl":"https:\/\/bookly.pxltest.hu\/wp-content\/uploads\/2026\/01\/PXL_20251118_162727073-scaled.jpg","datePublished":"2026-01-11T22:16:29+00:00","dateModified":"2026-01-11T22:16:30+00:00","breadcrumb":{"@id":"https:\/\/bookly.pxltest.hu\/en\/product\/29992-bakacsi-gyula-szervezeti-magatartas-es-vezetes\/#breadcrumb"},"inLanguage":"en-US","potentialAction":[{"@type":"ReadAction","target":["https:\/\/bookly.pxltest.hu\/en\/product\/29992-bakacsi-gyula-szervezeti-magatartas-es-vezetes\/"]}]},{"@type":"ImageObject","inLanguage":"en-US","@id":"https:\/\/bookly.pxltest.hu\/en\/product\/29992-bakacsi-gyula-szervezeti-magatartas-es-vezetes\/#primaryimage","url":"https:\/\/bookly.pxltest.hu\/wp-content\/uploads\/2026\/01\/PXL_20251118_162727073-scaled.jpg","contentUrl":"https:\/\/bookly.pxltest.hu\/wp-content\/uploads\/2026\/01\/PXL_20251118_162727073-scaled.jpg","width":1928,"height":2560},{"@type":"BreadcrumbList","@id":"https:\/\/bookly.pxltest.hu\/en\/product\/29992-bakacsi-gyula-szervezeti-magatartas-es-vezetes\/#breadcrumb","itemListElement":[{"@type":"ListItem","position":1,"name":"Kezd\u0151lap","item":"https:\/\/bookly.pxltest.hu\/en\/"},{"@type":"ListItem","position":2,"name":"Shop","item":"https:\/\/bookly.pxltest.hu\/en\/shop\/"},{"@type":"ListItem","position":3,"name":"Bakacsi Gyula &#8211; Szervezeti magatart\u00e1s \u00e9s vezet\u00e9s"}]},{"@type":"WebSite","@id":"https:\/\/bookly.pxltest.hu\/en\/#website","url":"https:\/\/bookly.pxltest.hu\/en\/","name":"Livrana","description":"","publisher":{"@id":"https:\/\/bookly.pxltest.hu\/en\/#organization"},"potentialAction":[{"@type":"SearchAction","target":{"@type":"EntryPoint","urlTemplate":"https:\/\/bookly.pxltest.hu\/en\/?s={search_term_string}"},"query-input":{"@type":"PropertyValueSpecification","valueRequired":true,"valueName":"search_term_string"}}],"inLanguage":"en-US"},{"@type":"Organization","@id":"https:\/\/bookly.pxltest.hu\/en\/#organization","name":"Livrana","url":"https:\/\/bookly.pxltest.hu\/en\/","logo":{"@type":"ImageObject","inLanguage":"en-US","@id":"https:\/\/bookly.pxltest.hu\/en\/#\/schema\/logo\/image\/","url":"https:\/\/bookly.pxltest.hu\/wp-content\/uploads\/2025\/09\/Livrana-2.svg","contentUrl":"https:\/\/bookly.pxltest.hu\/wp-content\/uploads\/2025\/09\/Livrana-2.svg","width":375,"height":374,"caption":"Livrana"},"image":{"@id":"https:\/\/bookly.pxltest.hu\/en\/#\/schema\/logo\/image\/"}}]}},"_links":{"self":[{"href":"https:\/\/bookly.pxltest.hu\/en\/wp-json\/wp\/v2\/product\/29992","targetHints":{"allow":["GET"]}}],"collection":[{"href":"https:\/\/bookly.pxltest.hu\/en\/wp-json\/wp\/v2\/product"}],"about":[{"href":"https:\/\/bookly.pxltest.hu\/en\/wp-json\/wp\/v2\/types\/product"}],"version-history":[{"count":1,"href":"https:\/\/bookly.pxltest.hu\/en\/wp-json\/wp\/v2\/product\/29992\/revisions"}],"predecessor-version":[{"id":29993,"href":"https:\/\/bookly.pxltest.hu\/en\/wp-json\/wp\/v2\/product\/29992\/revisions\/29993"}],"wp:featuredmedia":[{"embeddable":true,"href":"https:\/\/bookly.pxltest.hu\/en\/wp-json\/wp\/v2\/media\/29990"}],"wp:attachment":[{"href":"https:\/\/bookly.pxltest.hu\/en\/wp-json\/wp\/v2\/media?parent=29992"}],"wp:term":[{"taxonomy":"product_brand","embeddable":true,"href":"https:\/\/bookly.pxltest.hu\/en\/wp-json\/wp\/v2\/product_brand?post=29992"},{"taxonomy":"product_cat","embeddable":true,"href":"https:\/\/bookly.pxltest.hu\/en\/wp-json\/wp\/v2\/product_cat?post=29992"},{"taxonomy":"product_tag","embeddable":true,"href":"https:\/\/bookly.pxltest.hu\/en\/wp-json\/wp\/v2\/product_tag?post=29992"}],"curies":[{"name":"wp","href":"https:\/\/api.w.org\/{rel}","templated":true}]}}

Bakacsi Gyula &#8211; Szervezeti magatartás és vezetés

<p>Az ezredforduló vezetői gyakorlata arra a felismerésre vezetett, hogy az emberi erőforrás a szervezeti siker egyik kritikus meghatározó tényezőjévé vált. A könyv ennek az erőforrásnak a „technológiáját” viszi közelebb az olvasóhoz. Célja kettős: egyfelől leírni az egyének, csoportok, szervezetek magatartásának, viselkedésének jellegzetességeit, törvényszerűségeit, másfelől számba venni azokat a lehetséges eszközöket, amelyekkel a vezetők mindezt befolyásolhatják a jobb szervezeti teljesítmény érdekében. A könyv sorra veszi a szervezeti magatartás témaköreit: az egyéni és csoportmagatartást, a motivációt, a hatalmat, a leadershipet, a szervezeti kultúrát, a konfliktusokat és a szervezeti változást, bemutatva azok elméleti alapjait és gyakorlati vonatkozásait. A kötetben hangsúlyt kap a tárgyalt jelenségek hazai viszonyokra való adaptálása is.</p>
<p>A könyvet haszonnal forgathatják gazdálkodó, közigazgatási, közszolgálati és szolgáltató szervezetek felső- és középvezetői, vezető testületeinek tagjai – mindenki, aki embereket vezet, irányít. Jól illeszthető a gazdasági szakirányú egyetemek és főiskolák kötelező tananyagába, emellett számos más szakma vezetőképzési és továbbképzési programjaiba is.</p>

<p>Az ezredforduló vezetői gyakorlata arra a felismerésre vezetett, hogy az emberi erőforrás a szervezeti siker egyik kritikus meghatározó tényezőjévé vált.</p>

<!-- This site is optimized with the Yoast SEO plugin v26.9 - https://yoast.com/product/yoast-seo-wordpress/ -->
<title>Bakacsi Gyula - Szervezeti magatartás és vezetés - Livrana</title>
<meta name="robots" content="noindex, follow, max-snippet:-1, max-image-preview:large, max-video-preview:-1" />
<meta property="og:locale" content="en_US" />
<meta property="og:type" content="article" />
<meta property="og:title" content="Bakacsi Gyula - Szervezeti magatartás és vezetés - Livrana" />
<meta property="og:description" content="Az ezredforduló vezetői gyakorlata arra a felismerésre vezetett, hogy az emberi erőforrás a szervezeti siker egyik kritikus meghatározó tényezőjévé vált." />
<meta property="og:url" content="https://bookly.pxltest.hu/en/product/29992-bakacsi-gyula-szervezeti-magatartas-es-vezetes/" />
<meta property="og:site_name" content="Livrana" />
<meta property="article:modified_time" content="2026-01-11T22:16:30+00:00" />
<meta name="twitter:card" content="summary_large_image" />
<meta name="twitter:label1" content="Est. reading time" />
	<meta name="twitter:data1" content="1 minute" />
<script type="application/ld+json" class="yoast-schema-graph">{"@context":"https://schema.org","@graph":[{"@type":["WebPage","ItemPage"],"@id":"https://bookly.pxltest.hu/en/product/29992-bakacsi-gyula-szervezeti-magatartas-es-vezetes/","url":"https://bookly.pxltest.hu/en/product/29992-bakacsi-gyula-szervezeti-magatartas-es-vezetes/","name":"Bakacsi Gyula - Szervezeti magatartás és vezetés - Livrana","isPartOf":{"@id":"https://bookly.pxltest.hu/en/#website"},"primaryImageOfPage":{"@id":"https://bookly.pxltest.hu/en/product/29992-bakacsi-gyula-szervezeti-magatartas-es-vezetes/#primaryimage"},"image":{"@id":"https://bookly.pxltest.hu/en/product/29992-bakacsi-gyula-szervezeti-magatartas-es-vezetes/#primaryimage"},"thumbnailUrl":"https://bookly.pxltest.hu/wp-content/uploads/2026/01/PXL_20251118_162727073-scaled.jpg","datePublished":"2026-01-11T22:16:29+00:00","dateModified":"2026-01-11T22:16:30+00:00","breadcrumb":{"@id":"https://bookly.pxltest.hu/en/product/29992-bakacsi-gyula-szervezeti-magatartas-es-vezetes/#breadcrumb"},"inLanguage":"en-US","potentialAction":[{"@type":"ReadAction","target":["https://bookly.pxltest.hu/en/product/29992-bakacsi-gyula-szervezeti-magatartas-es-vezetes/"]}]},{"@type":"ImageObject","inLanguage":"en-US","@id":"https://bookly.pxltest.hu/en/product/29992-bakacsi-gyula-szervezeti-magatartas-es-vezetes/#primaryimage","url":"https://bookly.pxltest.hu/wp-content/uploads/2026/01/PXL_20251118_162727073-scaled.jpg","contentUrl":"https://bookly.pxltest.hu/wp-content/uploads/2026/01/PXL_20251118_162727073-scaled.jpg","width":1928,"height":2560},{"@type":"BreadcrumbList","@id":"https://bookly.pxltest.hu/en/product/29992-bakacsi-gyula-szervezeti-magatartas-es-vezetes/#breadcrumb","itemListElement":[{"@type":"ListItem","position":1,"name":"Kezdőlap","item":"https://bookly.pxltest.hu/en/"},{"@type":"ListItem","position":2,"name":"Shop","item":"https://bookly.pxltest.hu/en/shop/"},{"@type":"ListItem","position":3,"name":"Bakacsi Gyula &#8211; Szervezeti magatartás és vezetés"}]},{"@type":"WebSite","@id":"https://bookly.pxltest.hu/en/#website","url":"https://bookly.pxltest.hu/en/","name":"Livrana","description":"","publisher":{"@id":"https://bookly.pxltest.hu/en/#organization"},"potentialAction":[{"@type":"SearchAction","target":{"@type":"EntryPoint","urlTemplate":"https://bookly.pxltest.hu/en/?s={search_term_string}"},"query-input":{"@type":"PropertyValueSpecification","valueRequired":true,"valueName":"search_term_string"}}],"inLanguage":"en-US"},{"@type":"Organization","@id":"https://bookly.pxltest.hu/en/#organization","name":"Livrana","url":"https://bookly.pxltest.hu/en/","logo":{"@type":"ImageObject","inLanguage":"en-US","@id":"https://bookly.pxltest.hu/en/#/schema/logo/image/","url":"https://bookly.pxltest.hu/wp-content/uploads/2025/09/Livrana-2.svg","contentUrl":"https://bookly.pxltest.hu/wp-content/uploads/2025/09/Livrana-2.svg","width":375,"height":374,"caption":"Livrana"},"image":{"@id":"https://bookly.pxltest.hu/en/#/schema/logo/image/"}}]}</script>
<!-- / Yoast SEO plugin. -->

Bakacsi Gyula - Szervezeti magatartás és vezetés - Livrana

Az ezredforduló vezetői gyakorlata arra a felismerésre vezetett, hogy az emberi erőforrás a szervezeti siker egyik kritikus meghatározó tényezőjévé vált.

Kezdőlap
